{"id":61,"date":"2023-10-03T19:53:03","date_gmt":"2023-10-03T17:53:03","guid":{"rendered":"http:\/\/www.liberacite.com\/?page_id=61"},"modified":"2023-10-05T14:14:23","modified_gmt":"2023-10-05T12:14:23","slug":"chapitre-10-la-mondialisation-utile","status":"publish","type":"page","link":"https:\/\/www.liberacite.com\/index.php\/chapitre-10-la-mondialisation-utile\/","title":{"rendered":"Chapitre 10 &#8211; La mondialisation utile"},"content":{"rendered":"\n<p>&lt;\u00a0<a href=\"https:\/\/www.liberacite.com\/index.php\/chapitre-9-le-developpement-technologique-utile\/\" data-type=\"page\" data-id=\"59\">chapitre 9<\/a>\u00a0\u00a0\u00a0\u00a0\u00a0\u00a0<a href=\"https:\/\/www.liberacite.com\/index.php\/epilogue\/\" data-type=\"page\" data-id=\"63\">\u00e9pilogue<\/a>\u00a0><\/p>\n\n\n\n<p><strong>Table des mati\u00e8res<\/strong><\/p>\n\n\n\n<p>Le choix d\u2019une mondialisation<br>Petite plan\u00e8te vs. le monde infini de la finance<br>L\u2019Europe n\u2019a rien \u00e0 attendre des \u00c9tats-Unis<br>Ce truc appel\u00e9 Europe<\/p>\n\n\n\n<p><strong>Extrait<\/strong><\/p>\n\n\n\n<p>L\u2019int\u00e9gration croissante des \u00e9conomies nationales par le libre-\u00e9change et leur dilution dans une financiarisation sans fronti\u00e8res et sans contraintes que l\u2019on constate ne d\u00e9coulent aucunement d\u2019un processus historique pr\u00e9tendument in\u00e9luctable, mais sont bien construites et voulues par nos responsables acquis \u00e0 la doctrine dominante. Les diff\u00e9rents accords internationaux et l\u2019\u00e9tablissement d\u2019organisations internationales telles que l\u2019OMC concr\u00e9tisent cette volont\u00e9 de dissoudre l\u2019autorit\u00e9 et l\u2019ind\u00e9pendance des \u00c9tats en un agencement supranational atomis\u00e9, d\u00e9barrass\u00e9 de la souverainet\u00e9 des peuples et contr\u00f4l\u00e9 par une \u00e9lite internationalis\u00e9e et antid\u00e9mocratique. Favoriser les RDIE (qui pour rappel \u00e9tablissent des tribunaux internationaux priv\u00e9s) constitue un choix politique fort qui d\u00e9termine une certaine mondialisation, celle du capitalisme apatride d\u00e9fendant avant tout les int\u00e9r\u00eats des grands groupes internationaux et de leurs actionnaires. Augmenter les droits de douane \u00e0 l\u2019entr\u00e9e du march\u00e9 europ\u00e9en de marchandises produites de mani\u00e8re excessivement polluante ou par des employ\u00e9s sous-pay\u00e9s dans des pays pratiquant all\u00e8grement le dumping social en propose une autre qui voudrait plus faire valoir la production locale et qui embrasserait une vision plus respectueuse de la protection sociale et de l\u2019environnement.<\/p>\n","protected":false},"excerpt":{"rendered":"<p>&lt;\u00a0chapitre 9\u00a0\u00a0\u00a0\u00a0\u00a0\u00a0\u00e9pilogue\u00a0> Table des mati\u00e8res Le choix d\u2019une mondialisationPetite plan\u00e8te vs. le monde infini de la financeL\u2019Europe n\u2019a rien \u00e0 attendre des \u00c9tats-UnisCe truc appel\u00e9 Europe Extrait L\u2019int\u00e9gration croissante des \u00e9conomies nationales par le libre-\u00e9change et leur dilution dans une financiarisation sans fronti\u00e8res et sans contraintes que l\u2019on constate ne d\u00e9coulent aucunement d\u2019un processus historique [&hellip;]<\/p>\n","protected":false},"author":1,"featured_media":0,"parent":0,"menu_order":100,"comment_status":"closed","ping_status":"closed","template":"","meta":{"footnotes":""},"class_list":["post-61","page","type-page","status-publish","hentry"],"_links":{"self":[{"href":"https:\/\/www.liberacite.com\/index.php\/wp-json\/wp\/v2\/pages\/61","targetHints":{"allow":["GET"]}}],"collection":[{"href":"https:\/\/www.liberacite.com\/index.php\/wp-json\/wp\/v2\/pages"}],"about":[{"href":"https:\/\/www.liberacite.com\/index.php\/wp-json\/wp\/v2\/types\/page"}],"author":[{"embeddable":true,"href":"https:\/\/www.liberacite.com\/index.php\/wp-json\/wp\/v2\/users\/1"}],"replies":[{"embeddable":true,"href":"https:\/\/www.liberacite.com\/index.php\/wp-json\/wp\/v2\/comments?post=61"}],"version-history":[{"count":2,"href":"https:\/\/www.liberacite.com\/index.php\/wp-json\/wp\/v2\/pages\/61\/revisions"}],"predecessor-version":[{"id":144,"href":"https:\/\/www.liberacite.com\/index.php\/wp-json\/wp\/v2\/pages\/61\/revisions\/144"}],"wp:attachment":[{"href":"https:\/\/www.liberacite.com\/index.php\/wp-json\/wp\/v2\/media?parent=61"}],"curies":[{"name":"wp","href":"https:\/\/api.w.org\/{rel}","templated":true}]}}