{"id":328,"date":"2025-01-02T18:19:26","date_gmt":"2025-01-02T17:19:26","guid":{"rendered":"https:\/\/www.liberacite.com\/?page_id=328"},"modified":"2025-10-09T15:53:26","modified_gmt":"2025-10-09T13:53:26","slug":"limites","status":"publish","type":"page","link":"https:\/\/www.liberacite.com\/index.php\/limites\/","title":{"rendered":"Limites et fantasmes coloniaux de l&rsquo;espace"},"content":{"rendered":"\n<p>2 janvier 2024<\/p>\n\n\n\n<p>La Terre est sans conteste limit\u00e9e en espace, en ressources et en temps.<\/p>\n\n\n\n<p>Les scientifiques ne savent pas si l\u2019Univers est infini ou pas. Leurs recherches tendent \u00e0 croire qu\u2019il n\u2019est pas infini, quoique en expansion.<\/p>\n\n\n\n<figure class=\"wp-block-image size-large\"><img loading=\"lazy\" decoding=\"async\" width=\"1024\" height=\"352\" src=\"https:\/\/www.liberacite.com\/wp-content\/uploads\/2025\/01\/Untitled-1024x352.png\" alt=\"Centaure\" class=\"wp-image-335\" srcset=\"https:\/\/www.liberacite.com\/wp-content\/uploads\/2025\/01\/Untitled-1024x352.png 1024w, https:\/\/www.liberacite.com\/wp-content\/uploads\/2025\/01\/Untitled-300x103.png 300w, https:\/\/www.liberacite.com\/wp-content\/uploads\/2025\/01\/Untitled-768x264.png 768w, https:\/\/www.liberacite.com\/wp-content\/uploads\/2025\/01\/Untitled-1536x527.png 1536w, https:\/\/www.liberacite.com\/wp-content\/uploads\/2025\/01\/Untitled-2048x703.png 2048w, https:\/\/www.liberacite.com\/wp-content\/uploads\/2025\/01\/Untitled-624x214.png 624w\" sizes=\"auto, (max-width: 1024px) 100vw, 1024px\" \/><\/figure>\n\n\n\n<p>La vitesse de la lumi\u00e8re est limit\u00e9e \u00e0 un peu moins de 300 000 km par seconde, soit un peu plus d\u2019un milliard de km par heure. Cela peut sembler \u00e9norme, mais l\u2019univers est tr\u00e8s \u00ab&nbsp;vide&nbsp;\u00bb. Proxima Centauri, l\u2019\u00e9toile la plus proche de notre soleil se situe \u00e0 40 000 milliards de km, soit plus de quatre ann\u00e9e-lumi\u00e8re, c\u2019est-\u00e0-dire que la lumi\u00e8re met plus de quatre ans pour l\u2019atteindre.<\/p>\n\n\n\n<p>En cons\u00e9quence, les temps de d\u00e9placement dans l\u2019univers sont extr\u00eamement longs. La sonde spatiale Parker Solar Probe est actuellement l\u2019objet le plus rapide cr\u00e9\u00e9 par les humains. Elle se d\u00e9place \u00e0 0,06&nbsp;% de la vitesse de la lumi\u00e8re sur une trajectoire elliptique autour du soleil et de V\u00e9nus. Il lui a fallu 6 ans pour atteindre cette vitesse en utilisant la force gravitationnelle de ces deux astres comme acc\u00e9l\u00e9rateur. \u00c0 cette vitesse, il lui faudrait plus de 6 600 ans pour atteindre Proxima Centauri. La sonde Voyager 1, la plus \u00e9loign\u00e9e de nous et qui se situe maintenant en dehors du syst\u00e8me solaire, s\u2019\u00e9loigne 10 fois plus lentement.<\/p>\n\n\n\n<p>La consommation d\u2019\u00e9nergie annuelle des \u00c9tats-Unis permettrait d\u2019acc\u00e9l\u00e9rer un peu plus de 3 000 tonnes jusqu\u2019\u00e0 1\u00a0% de la vitesse de la lumi\u00e8re dans l\u2019espace. Ce n\u2019est m\u00eame pas le poids d\u2019une fus\u00e9e. Il est donc impossible d\u2019atteindre des vitesses \u00e9lev\u00e9es avec l\u2019\u00e9nergie disponible sur Terre, ou sur n\u2019importe quelle autre plan\u00e8te plus ou moins habitable. La seule mani\u00e8re un tant soit peu r\u00e9aliste consiste \u00e0 utiliser la force de gravitation des plan\u00e8tes et du soleil comme acc\u00e9l\u00e9rateur, ce que font d\u00e9j\u00e0 les ing\u00e9nieurs avec les sondes spatiales. Mais de nombreuses passages \u00e0 leur proximit\u00e9, ce qui prend des ann\u00e9es, sont n\u00e9cessaires pour atteindre une vitesse significative.<\/p>\n\n\n\n<p>Quant au freinage, il n\u2019est pas certain que ce soit possible, car cela d\u00e9pendra des positions des plan\u00e8tes et des ceintures d\u2019ast\u00e9ro\u00efdes dans le syst\u00e8me solaire d\u2019arriv\u00e9e. Des ann\u00e9es d&rsquo;observation sur place seront n\u00e9cessaires pour conna\u00eetre pr\u00e9cis\u00e9ment leur r\u00e9volution autour de leur \u00e9toile, pour ensuite calculer une trajectoire de freinage qui ne n\u00e9cessite pas trop d&rsquo;usage de carburant pour se positionner correctement sur celle-ci.<\/p>\n\n\n\n<p>Conclusion scientifique&nbsp;: Un \u00eatre humain ne pourra jamais de son vivant voyager jusque dans un autre syst\u00e8me solaire, m\u00eame en cas d\u2019aller simple.<\/p>\n\n\n\n<p>Possibles colonisation spatiales&nbsp;:<\/p>\n\n\n\n<ol class=\"wp-block-list\">\n<li>\u00c0 tr\u00e8s long terme et si la cryog\u00e9nisation sera possible (impossible dans l\u2019\u00e9tat actuel des connaissances scientifiques), il serait envisageable d\u2019envoyer quelques dizaines de personnes dans un vaisseau spatial pour un voyage (sans retour) de plusieurs mill\u00e9naires.<\/li>\n\n\n\n<li>\u00c0 tr\u00e8s long terme et si nous d\u00e9couvrons sur une source d\u2019\u00e9nergie bien plus importante que toutes les \u00e9nergies fossiles terriennes (qui n\u2019existe pas dans l\u2019\u00e9tat actuel des connaissances scientifiques), il serait envisageable de construire en orbite ou sur la lune un immense vaisseau spatial pour quelques centaines de personnes \u00e0 bord. Apr\u00e8s plusieurs milliers de g\u00e9n\u00e9ration qui se succ\u00e9deraient dans ce vaisseau, un petit groupe pourrait coloniser une autre plan\u00e8te, si tout se passe bien.<\/li>\n\n\n\n<li>Il semble techniquement possible de r\u00e9pandre la vie sur d\u2019autres plan\u00e8tes, en envoyant des sondes comme semences. La probabilit\u00e9 que cela d\u00e9bouche sur l&rsquo;\u00e9mergence d&rsquo;animaux intelligents gr\u00e2ce \u00e0 des millions d&rsquo;ann\u00e9es d&rsquo;\u00e9volution est tr\u00e8s faible. Mais quelles seraient les cons\u00e9quences si d\u2019autres formes de vie existent d\u00e9j\u00e0 sur celles-ci&nbsp;?<\/li>\n<\/ol>\n\n\n\n<p>Est-ce cela que nous voulons&nbsp;?<\/p>\n\n\n\n<p>Ma r\u00e9ponse&nbsp;: non, et certainement pas tant que tous les \u00eatres vivants sur Terre ne vivront pas dans la dignit\u00e9 et l\u2019harmonie.<\/p>\n\n\n\n<p>Id\u00e9e pour calmer les ardeurs&nbsp;: pour ceux qui voudraient quand m\u00eame le tenter, ils doivent s\u2019engager \u00e0 faire partie des premiers astronautes de leur programme, car il est trop facile de \u00ab&nbsp;s\u2019amuser&nbsp;\u00bb \u00e0 essayer \u00e0 tout prix en laissant d\u2019autres personnes prendre tous les risques.<\/p>\n","protected":false},"excerpt":{"rendered":"<p>2 janvier 2024 La Terre est sans conteste limit\u00e9e en espace, en ressources et en temps. Les scientifiques ne savent pas si l\u2019Univers est infini ou pas. Leurs recherches tendent \u00e0 croire qu\u2019il n\u2019est pas infini, quoique en expansion. La vitesse de la lumi\u00e8re est limit\u00e9e \u00e0 un peu moins de 300 000 km par [&hellip;]<\/p>\n","protected":false},"author":1,"featured_media":0,"parent":0,"menu_order":0,"comment_status":"closed","ping_status":"closed","template":"","meta":{"footnotes":""},"class_list":["post-328","page","type-page","status-publish","hentry"],"_links":{"self":[{"href":"https:\/\/www.liberacite.com\/index.php\/wp-json\/wp\/v2\/pages\/328","targetHints":{"allow":["GET"]}}],"collection":[{"href":"https:\/\/www.liberacite.com\/index.php\/wp-json\/wp\/v2\/pages"}],"about":[{"href":"https:\/\/www.liberacite.com\/index.php\/wp-json\/wp\/v2\/types\/page"}],"author":[{"embeddable":true,"href":"https:\/\/www.liberacite.com\/index.php\/wp-json\/wp\/v2\/users\/1"}],"replies":[{"embeddable":true,"href":"https:\/\/www.liberacite.com\/index.php\/wp-json\/wp\/v2\/comments?post=328"}],"version-history":[{"count":11,"href":"https:\/\/www.liberacite.com\/index.php\/wp-json\/wp\/v2\/pages\/328\/revisions"}],"predecessor-version":[{"id":351,"href":"https:\/\/www.liberacite.com\/index.php\/wp-json\/wp\/v2\/pages\/328\/revisions\/351"}],"wp:attachment":[{"href":"https:\/\/www.liberacite.com\/index.php\/wp-json\/wp\/v2\/media?parent=328"}],"curies":[{"name":"wp","href":"https:\/\/api.w.org\/{rel}","templated":true}]}}