{"id":30,"date":"2023-10-03T19:19:35","date_gmt":"2023-10-03T17:19:35","guid":{"rendered":"http:\/\/www.liberacite.com\/?page_id=30"},"modified":"2023-10-05T15:16:24","modified_gmt":"2023-10-05T13:16:24","slug":"chapitre-2-mise-au-point-semantique","status":"publish","type":"page","link":"https:\/\/www.liberacite.com\/index.php\/chapitre-2-mise-au-point-semantique\/","title":{"rendered":"Chapitre 2 &#8211; Mise au point s\u00e9mantique"},"content":{"rendered":"\n<p>&lt;&nbsp;<a href=\"https:\/\/www.liberacite.com\/index.php\/chapitre-1-principes-dethique-politique\/\" data-type=\"page\" data-id=\"28\">chapitre 1<\/a>&nbsp;&nbsp;&nbsp;&nbsp;&nbsp;&nbsp;<a href=\"https:\/\/www.liberacite.com\/index.php\/chapitre-3-le-vivre-ensemble-et-lutilite\/\" data-type=\"page\" data-id=\"32\">chapitre 3<\/a>&nbsp;&gt;<\/p>\n\n\n\n<p><strong>Table des mati\u00e8res<\/strong><\/p>\n\n\n\n<p>R\u00e9volution s\u00e9mantique<br>\u00c9tats, Nations, souverainet\u00e9s et identit\u00e9s<br>R\u00e9gimes et id\u00e9ologies politiques<br>Les capitalistes et les bourgeois<br>Lib\u00e9ralisme capitaliste<br>La lutte des classes<br>Les prol\u00e9taires et le travail<br>Sciences sociales et humaines<br>Compl\u00e9mentarit\u00e9 des sciences et des croyances<br>V\u00e9rit\u00e9<br>Croissance<br>La main invisible<br>Le pouvoir<\/p>\n\n\n\n<p><strong>Extrait<\/strong><\/p>\n\n\n\n<p>Le discours de Greta Thunberg n\u2019est pas nouveau. Pourtant, contrairement aux d\u00e9fenseurs de l\u2019environnement qui l\u2019ont pr\u00e9c\u00e9d\u00e9e, le monde politique l\u2019a entendue. Au-del\u00e0 de l\u2019analyse sociologique et psychopathologique qui chercherait \u00e0 \u00e9lucider pourquoi nos responsables accordent plus d\u2019attention et de respect \u00e0 une gamine qu\u2019aux scientifiques, il est un autre fait majeur ind\u00e9niable que, depuis les marches \u00e9tudiantes pour le climat et le battage m\u00e9diatique qui les a entour\u00e9es, aucun politicien ne peut plus pr\u00e9tendre ignorer les questions environnementales. Beaucoup, qui n\u2019y voyaient avant qu\u2019un \u00e9l\u00e9ment n\u00e9gligeable dans leurs prises de d\u00e9cision, et ce pour diverses raisons id\u00e9ologiques ou \u00e9lectoralistes, semblent avoir chang\u00e9 d\u2019avis en leur reconnaissant d\u00e9sormais une importance certaine. Elles sont devenues un sujet politique majeur alors qu\u2019avant elles \u00e9taient brandies par les d\u00e9fenseurs de la Nature sympathiquement marginalis\u00e9s dans une quasi totale indiff\u00e9rence. Greta et les autres marcheurs provoqu\u00e8rent donc une r\u00e9volution s\u00e9mantique du mot&nbsp;<em>environnement<\/em>&nbsp;en lui imprimant une connotation politique forte. Il n\u2019est plus possible d\u2019adopter une position neutre en retrait. Chacun est forc\u00e9 de se forger une opinion et de la rendre publique, surtout les \u00e9lus. Dor\u00e9navant, celui qui n\u2019est pas pour sa protection est accus\u00e9 sans autre forme de proc\u00e8s d\u2019\u00eatre contre.<\/p>\n","protected":false},"excerpt":{"rendered":"<p>&lt;&nbsp;chapitre 1&nbsp;&nbsp;&nbsp;&nbsp;&nbsp;&nbsp;chapitre 3&nbsp;&gt; Table des mati\u00e8res R\u00e9volution s\u00e9mantique\u00c9tats, Nations, souverainet\u00e9s et identit\u00e9sR\u00e9gimes et id\u00e9ologies politiquesLes capitalistes et les bourgeoisLib\u00e9ralisme capitalisteLa lutte des classesLes prol\u00e9taires et le travailSciences sociales et humainesCompl\u00e9mentarit\u00e9 des sciences et des croyancesV\u00e9rit\u00e9CroissanceLa main invisibleLe pouvoir Extrait Le discours de Greta Thunberg n\u2019est pas nouveau. Pourtant, contrairement aux d\u00e9fenseurs de l\u2019environnement qui l\u2019ont [&hellip;]<\/p>\n","protected":false},"author":1,"featured_media":0,"parent":0,"menu_order":20,"comment_status":"closed","ping_status":"closed","template":"","meta":{"footnotes":""},"class_list":["post-30","page","type-page","status-publish","hentry"],"_links":{"self":[{"href":"https:\/\/www.liberacite.com\/index.php\/wp-json\/wp\/v2\/pages\/30","targetHints":{"allow":["GET"]}}],"collection":[{"href":"https:\/\/www.liberacite.com\/index.php\/wp-json\/wp\/v2\/pages"}],"about":[{"href":"https:\/\/www.liberacite.com\/index.php\/wp-json\/wp\/v2\/types\/page"}],"author":[{"embeddable":true,"href":"https:\/\/www.liberacite.com\/index.php\/wp-json\/wp\/v2\/users\/1"}],"replies":[{"embeddable":true,"href":"https:\/\/www.liberacite.com\/index.php\/wp-json\/wp\/v2\/comments?post=30"}],"version-history":[{"count":3,"href":"https:\/\/www.liberacite.com\/index.php\/wp-json\/wp\/v2\/pages\/30\/revisions"}],"predecessor-version":[{"id":147,"href":"https:\/\/www.liberacite.com\/index.php\/wp-json\/wp\/v2\/pages\/30\/revisions\/147"}],"wp:attachment":[{"href":"https:\/\/www.liberacite.com\/index.php\/wp-json\/wp\/v2\/media?parent=30"}],"curies":[{"name":"wp","href":"https:\/\/api.w.org\/{rel}","templated":true}]}}