{"id":25,"date":"2023-10-03T19:16:19","date_gmt":"2023-10-03T17:16:19","guid":{"rendered":"http:\/\/www.liberacite.com\/?page_id=25"},"modified":"2023-10-05T14:05:22","modified_gmt":"2023-10-05T12:05:22","slug":"preambule","status":"publish","type":"page","link":"https:\/\/www.liberacite.com\/index.php\/preambule\/","title":{"rendered":"Pr\u00e9ambule"},"content":{"rendered":"\n<p>&lt;\u00a0<a href=\"https:\/\/www.liberacite.com\/index.php\/le-livre-4eme-de-couverture\/\" data-type=\"page\" data-id=\"23\">4\u00e8me de couverture<\/a>\u00a0\u00a0\u00a0\u00a0\u00a0\u00a0<a href=\"https:\/\/www.liberacite.com\/index.php\/chapitre-1-principes-dethique-politique\/\" data-type=\"page\" data-id=\"28\">chapitre 1<\/a>\u00a0><\/p>\n\n\n\n<p><strong>Table des mati\u00e8res<\/strong><\/p>\n\n\n\n<p>La violence intrins\u00e8que au capitalisme<br>Le paradoxe de la Libert\u00e9&nbsp;: restreindre des libert\u00e9s pour la d\u00e9fendre<br>Trait\u00e9 d\u2019\u00e9thique politique<br>Toutes les disciplines au service de la politique<\/p>\n\n\n\n<p><strong>Extrait<\/strong><\/p>\n\n\n\n<p>Faire de la politique, c\u2019est choisir pour tous sans tout savoir, c\u2019est d\u00e9finir les priorit\u00e9s de la soci\u00e9t\u00e9 sans tout ma\u00eetriser. Faire de la politique, c\u2019est improviser, courir et assumer le risque de se tromper, en essayant autre chose lorsque le syst\u00e8me actuel faillit \u00e0 satisfaire la population, ou que l\u2019on pense qu\u2019une autre voie serait plus efficace \u00e0 atteindre ce qu\u2019elle d\u00e9sire. Faire de la politique, c\u2019est \u00e9galement \u00e9couter son intuition et ses concitoyens, se prononcer sur base de ses propres valeurs morales et de l\u2019image qu\u2019on se fait de celles d\u2019autrui, s\u00e9lectionner l\u2019option qui correspond le mieux \u00e0 ses convictions et r\u00e9f\u00e9rences religieuses, philosophiques, culturelles, sociales, \u00e9conomiques, environnementales, et \u00e0 l\u2019id\u00e9e qu\u2019on s\u2019est construite des diverses croyances et opinions des autres. J\u2019ajouterais que l\u2019inverse est tout aussi vrai&nbsp;: choisir pour un groupe, c\u2019est faire de la politique. Prendre une d\u00e9cision qui impacte une grande partie de la soci\u00e9t\u00e9, c\u2019est faire de la politique. Lorsque Twitter ferme le compte de Trump, Twitter fait de la politique. Lorsque Apple oblige pour activer son t\u00e9l\u00e9phone de donner ses empreintes digitales, Apple fait de la politique. Ce ne devrait pas \u00eatre au secteur priv\u00e9 d\u2019adopter de telles r\u00e9solutions impos\u00e9es aux consommateurs. Lorsque la soci\u00e9t\u00e9 est confront\u00e9e \u00e0 un nouveau dilemme, c\u2019est au pouvoir l\u00e9gislatif de s\u2019en charger. S\u2019il y a un probl\u00e8me, c\u2019est \u00e0 la justice d\u2019appliquer les lois et pas \u00e0 une entreprise de d\u00e9cider sur base de son propre r\u00e8glement d\u00e9fini unilat\u00e9ralement.<\/p>\n","protected":false},"excerpt":{"rendered":"<p>&lt;\u00a04\u00e8me de couverture\u00a0\u00a0\u00a0\u00a0\u00a0\u00a0chapitre 1\u00a0> Table des mati\u00e8res La violence intrins\u00e8que au capitalismeLe paradoxe de la Libert\u00e9&nbsp;: restreindre des libert\u00e9s pour la d\u00e9fendreTrait\u00e9 d\u2019\u00e9thique politiqueToutes les disciplines au service de la politique Extrait Faire de la politique, c\u2019est choisir pour tous sans tout savoir, c\u2019est d\u00e9finir les priorit\u00e9s de la soci\u00e9t\u00e9 sans tout ma\u00eetriser. Faire de [&hellip;]<\/p>\n","protected":false},"author":1,"featured_media":0,"parent":0,"menu_order":8,"comment_status":"closed","ping_status":"closed","template":"","meta":{"footnotes":""},"class_list":["post-25","page","type-page","status-publish","hentry"],"_links":{"self":[{"href":"https:\/\/www.liberacite.com\/index.php\/wp-json\/wp\/v2\/pages\/25","targetHints":{"allow":["GET"]}}],"collection":[{"href":"https:\/\/www.liberacite.com\/index.php\/wp-json\/wp\/v2\/pages"}],"about":[{"href":"https:\/\/www.liberacite.com\/index.php\/wp-json\/wp\/v2\/types\/page"}],"author":[{"embeddable":true,"href":"https:\/\/www.liberacite.com\/index.php\/wp-json\/wp\/v2\/users\/1"}],"replies":[{"embeddable":true,"href":"https:\/\/www.liberacite.com\/index.php\/wp-json\/wp\/v2\/comments?post=25"}],"version-history":[{"count":8,"href":"https:\/\/www.liberacite.com\/index.php\/wp-json\/wp\/v2\/pages\/25\/revisions"}],"predecessor-version":[{"id":132,"href":"https:\/\/www.liberacite.com\/index.php\/wp-json\/wp\/v2\/pages\/25\/revisions\/132"}],"wp:attachment":[{"href":"https:\/\/www.liberacite.com\/index.php\/wp-json\/wp\/v2\/media?parent=25"}],"curies":[{"name":"wp","href":"https:\/\/api.w.org\/{rel}","templated":true}]}}