{"id":210,"date":"2024-05-09T14:22:03","date_gmt":"2024-05-09T12:22:03","guid":{"rendered":"https:\/\/www.liberacite.com\/?page_id=210"},"modified":"2025-03-12T17:20:43","modified_gmt":"2025-03-12T16:20:43","slug":"pourquoi-ce-livre","status":"publish","type":"page","link":"https:\/\/www.liberacite.com\/index.php\/pourquoi-ce-livre\/","title":{"rendered":"Pourquoi ce livre ?"},"content":{"rendered":"\n<p>Cet essai \u00ab\u00a0Lib\u00e9racit\u00e9\u00a0\u00bb mat\u00e9rialise plus de 30 ans de r\u00e9flexions, chacune partant d&rsquo;un constat soci\u00e9tal qui soul\u00e8ve naturellement la question du pourquoi. Voici les principaux, ceux qui ont conduit aux cheminements de pens\u00e9e les plus f\u00e9conds.<\/p>\n\n\n\n<p>1. La soci\u00e9t\u00e9 est d\u00e9senchant\u00e9e.<br>2. Nos enfants vivront moins bien que nous.<br>3. De nombreuses solutions ont d\u00e9j\u00e0 \u00e9t\u00e9 propos\u00e9es.<br>4. Pourtant \u00ab\u00a0on\u00a0\u00bb ne fait rien en ce sens.<\/p>\n\n\n\n<p>L&rsquo;organisation de la chose publique et des entreprises donne de facto le pouvoir de d\u00e9cider \u00e0 une toute petite minorit\u00e9 : les \u00ab\u00a0responsables\u00a0\u00bb. Pourquoi d\u00e9cident-ils donc si mal ? Qui sont ces gens ? Est-ce leur faute ? Suffirait-il de les remplacer ? Par qui ? Devrions-nous plut\u00f4t nous attaquer au syst\u00e8me ? Quels fondamentaux posent probl\u00e8me ? Quel(s) autre(s) syst\u00e8me(s) pourrions-nous d\u00e9sirer ? \u00c0 qui donner le(s) pouvoir(s) ? Ces questions obligent plusieurs axes de r\u00e9flexions, qui sous-tendent la trame du livre.<\/p>\n\n\n\n<p class=\"has-medium-font-size\">Que voulons-nous ?<\/p>\n\n\n\n<p>La question du sens de la vie &#8211; dans toutes les dimensions que porte le terme \u00ab\u00a0sens\u00a0\u00bb &#8211; restera toujours ouverte. \u00c0 chacun la libert\u00e9 de la laisser ainsi, ou de la fermer p\u00e9remptoirement par une croyance, religieuse ou non.<\/p>\n\n\n\n<p>Si nous d\u00e9sirons vivre ensemble sur cette plan\u00e8te sans se taper l&rsquo;un sur l&rsquo;autre (ou pour le moins dans notre pays ou notre r\u00e9gion, si l&rsquo;objectif universel vous semble trop ambitieux), la question essentielle qui se pose alors est la suivante : Autour de quel objectif commun, porteur de paix et compatible avec toute la diversit\u00e9 des choix de r\u00e9ponse \u00e0 la question du sens de la vie, pourraient se rallier l&rsquo;ensemble des gens ?<\/p>\n\n\n\n<p><a href=\"https:\/\/www.liberacite.com\/index.php\/chapitre-3-le-vivre-ensemble-et-lutilite\/\" data-type=\"page\" data-id=\"32\">La r\u00e9ponse de l&rsquo;essai<\/a> : <strong>l&rsquo;harmonie<\/strong> &#8211; au sens artistique du terme : rapport heureux entre les parties d&rsquo;un tout &#8211; et non pas la recherche du bonheur ou l&rsquo;int\u00e9r\u00eat g\u00e9n\u00e9ral. \u00c0 chaque fois que des options se pr\u00e9sentent \u00e0 nous, nous devons choisir celle qui maximise l&rsquo;harmonie sociale.<\/p>\n\n\n\n<p class=\"has-medium-font-size\">La dimension humaine du pouvoir<\/p>\n\n\n\n<p>Des positions de pouvoir se d\u00e9gagent toujours dans des communaut\u00e9s humaines, m\u00eame dans des structures qui se veulent r\u00e9solument d\u00e9mocratiques ou anarchiques, m\u00eame lorsque le syst\u00e8me emp\u00eache tout rapport de domination. M\u00eame si le pouvoir est partag\u00e9, il reste le jeu des influences, de la rh\u00e9torique, de la prise de parole et des intimidations directes et indirectes, exprim\u00e9es ou sugg\u00e9r\u00e9es, face auxquelles toutes les personnes ne sont pas \u00e9gales dans leur capacit\u00e9 \u00e0 les ma\u00eetriser. Au bout du compte, cela reste une forme de pouvoir. Il existe donc toujours une minorit\u00e9 qui d\u00e9cide ou qui imprime une plus grande influence sur les d\u00e9cisions qui doivent \u00eatre prise par et pour le groupe, une minorit\u00e9 qui d\u00e9cide pour les autres.<\/p>\n\n\n\n<p>Puisqu&rsquo;un certain degr\u00e9 de d\u00e9l\u00e9gation &#8211; le plus faible possible &#8211; est in\u00e9vitable, se pose alors la simple question : \u00e0 quel type de personnes donner le pouvoir ? Quelle est la qualit\u00e9 essentielle dont elles doivent faire preuve ?<\/p>\n\n\n\n<p><a href=\"https:\/\/www.liberacite.com\/index.php\/chapitre-4-laltruisme-pour-un-leadership-utile\/\" data-type=\"page\" data-id=\"49\">La r\u00e9ponse de l&rsquo;essai<\/a> : <strong>l&rsquo;altruisme<\/strong> &#8211; se pr\u00e9occuper des autres, sans rien en attendre en retour &#8211; et certainement pas l&rsquo;ambition, la volont\u00e9, la combativit\u00e9 ou l&rsquo;endurance, ces aptitudes mises en valeur dans les soci\u00e9t\u00e9s lib\u00e9rales capitalistes. Quant aux autres qualit\u00e9s moralement jug\u00e9es bonnes, telles que l&#8217;empathie, la compassion, la g\u00e9n\u00e9rosit\u00e9, la gentillesse ou la solidarit\u00e9, elles peuvent aider bien entendu, mais elle s&rsquo;av\u00e8rent inop\u00e9rantes sans altruisme.<\/p>\n\n\n\n<p class=\"has-medium-font-size\">La dimension \u00e9tatique du pouvoir<\/p>\n\n\n\n<p>Tout groupe humain souverain s&rsquo;organise d&rsquo;une mani\u00e8re ou d&rsquo;une autre, concentrant ou r\u00e9partissant son pouvoir de d\u00e9cider pour lui-m\u00eame dans des structures op\u00e9rationnelles (d\u00e9cider des r\u00e8gles, les appliquer et contraindre, si n\u00e9cessaire, ses membres \u00e0 les respecter). On nomme \u00ab\u00a0\u00c9tat\u00a0\u00bb cette organisation du pouvoir.<\/p>\n\n\n\n<p>Se pose alors la question politique fondamentale : quels sont les principes collectivement accept\u00e9s sur base desquels l&rsquo;\u00c9tat (quelle que soit sa forme institutionnelle) se doit de g\u00e9rer la vie en commun ?<\/p>\n\n\n\n<p><a href=\"https:\/\/www.liberacite.com\/index.php\/chapitre-1-principes-dethique-politique\/\" data-type=\"page\" data-id=\"28\">L&rsquo;essai en propose dix<\/a>, dont nous venons de voir le premier, \u00e0 savoir le vivre-ensemble en harmonie comme objectif soci\u00e9tal premier. Le second, plus politique, pose <strong>l&rsquo;utilit\u00e9 de l&rsquo;action politique<\/strong>, \u00e0 savoir que toutes id\u00e9ologies, doctrines, d\u00e9cisions et actions politiques doivent \u00eatre directement utiles aux citoyens et au vivre-ensemble. L\u2019\u00c9tat doit se pr\u00e9occuper en premier et directement des personnes, de toutes les personnes, et non pas de fa\u00e7on d\u00e9tourn\u00e9e, notamment en favorisant les entreprises et leurs actionnaires, dans l&rsquo;espoir, par un \u00e9ventuel jeu de ricochets, de retomb\u00e9es positives.<\/p>\n\n\n\n<p class=\"has-medium-font-size\">Trait\u00e9 d&rsquo;\u00e9thique politique<\/p>\n\n\n\n<p>Ce livre propose une vision d\u2019une soci\u00e9t\u00e9 o\u00f9 cohabiter en harmonie est envisageable, car construite sur les diff\u00e9rences des unes et des autres. Tel un trait\u00e9 d\u2019\u00e9thique politique, il interroge sur ce qu&rsquo;est \u00ab\u00a0une vie bonne\u00a0\u00bb dans la sph\u00e8re politique. En r\u00e9ponse, il d\u00e9finit un cadre englobant qui s\u2019appuie sur des <strong>principes<\/strong> pour une soci\u00e9t\u00e9 plus harmonieuse qu\u2019il reste \u00e0 construire. Cette structure logique forme une&nbsp;\u00ab\u00a0axiomatique de l\u2019\u00e9thique politique\u00a0\u00bb&nbsp;sur laquelle pourrait solidement se reposer toute proposition d\u2019organisation soci\u00e9tale se voulant plus juste et plus \u00e9galitaire. Elle formule les pr\u00e9misses n\u00e9cessaires, mais pas suffisantes, qui permettraient de s\u2019affranchir du lib\u00e9ralisme capitaliste tout puissant, comme une premi\u00e8re \u00e9tape indispensable vers un autre avenir, moins anxiog\u00e8ne et moins violent que celui qui nous est promis si rien ne change.<\/p>\n\n\n\n<p>Contrairement aux valeurs, dont nous h\u00e9ritons, les principes expriment un choix collectif d\u00e9terminant la mani\u00e8re dont nous voudrions vivre ensemble. En tant qu&rsquo;\u00e9l\u00e9ments constitutifs fondamentaux de la politique, il forment une fondation coh\u00e9rente et logique sur laquelle doivent se fonder les lois et les normes de la soci\u00e9t\u00e9, ainsi qu\u2019id\u00e9alement les comportements des dirigeants.<\/p>\n\n\n\n<p class=\"has-medium-font-size\">La n\u00e9cessaire s\u00e9paration des pouvoirs<\/p>\n\n\n\n<p>Sans <strong>la s\u00e9paration du capitalisme et de l\u2019\u00c9tat<\/strong>, la classe dominante continuera de s&rsquo;enrichir et de centraliser encore plus tous les pouvoirs, aux d\u00e9pends du reste de la population. Ce principe, le <a href=\"https:\/\/www.liberacite.com\/index.php\/chapitre-6-la-liberacite-le-capitalisme-utile\/\" data-type=\"page\" data-id=\"53\">huiti\u00e8me<\/a> du livre, stipule que l\u2019\u00c9tat a pour mission d\u2019\u00e9carter les capitalistes du pouvoir politique, dans le but assum\u00e9 de les emp\u00eacher de le cumuler avec celui de l\u2019argent, tout comme c\u2019est d\u00e9j\u00e0 le cas pour les religieux, les militaires ou les juges. Il est tellement fondamental, qu&rsquo;un nom lui a \u00e9t\u00e9 donn\u00e9, <strong>la \u00ab\u00a0Lib\u00e9racit\u00e9\u00a0\u00bb<\/strong>, et que celui-ci se retrouve dans le titre de l&rsquo;ouvrage.<\/p>\n\n\n\n<p>Sa stricte application entra\u00eenera une r\u00e9volution id\u00e9ologique&nbsp;: l&rsquo;\u00e9mergence d&rsquo;une nouvelle classe politique non dominante qui, par essence et contraintes syst\u00e9miques, ne cherchera pas \u00e0 abuser du pouvoir, car elle n&rsquo;en retirerait aucun avantage, mais \u00e0 l\u2019exercer dans l\u2019int\u00e9r\u00eat de tous dans une qu\u00eate permanente de l\u2019harmonie sociale.&nbsp;<\/p>\n","protected":false},"excerpt":{"rendered":"<p>Cet essai \u00ab\u00a0Lib\u00e9racit\u00e9\u00a0\u00bb mat\u00e9rialise plus de 30 ans de r\u00e9flexions, chacune partant d&rsquo;un constat soci\u00e9tal qui soul\u00e8ve naturellement la question du pourquoi. Voici les principaux, ceux qui ont conduit aux cheminements de pens\u00e9e les plus f\u00e9conds. 1. La soci\u00e9t\u00e9 est d\u00e9senchant\u00e9e.2. Nos enfants vivront moins bien que nous.3. De nombreuses solutions ont d\u00e9j\u00e0 \u00e9t\u00e9 propos\u00e9es.4. [&hellip;]<\/p>\n","protected":false},"author":1,"featured_media":0,"parent":0,"menu_order":0,"comment_status":"closed","ping_status":"closed","template":"","meta":{"footnotes":""},"class_list":["post-210","page","type-page","status-publish","hentry"],"_links":{"self":[{"href":"https:\/\/www.liberacite.com\/index.php\/wp-json\/wp\/v2\/pages\/210","targetHints":{"allow":["GET"]}}],"collection":[{"href":"https:\/\/www.liberacite.com\/index.php\/wp-json\/wp\/v2\/pages"}],"about":[{"href":"https:\/\/www.liberacite.com\/index.php\/wp-json\/wp\/v2\/types\/page"}],"author":[{"embeddable":true,"href":"https:\/\/www.liberacite.com\/index.php\/wp-json\/wp\/v2\/users\/1"}],"replies":[{"embeddable":true,"href":"https:\/\/www.liberacite.com\/index.php\/wp-json\/wp\/v2\/comments?post=210"}],"version-history":[{"count":58,"href":"https:\/\/www.liberacite.com\/index.php\/wp-json\/wp\/v2\/pages\/210\/revisions"}],"predecessor-version":[{"id":344,"href":"https:\/\/www.liberacite.com\/index.php\/wp-json\/wp\/v2\/pages\/210\/revisions\/344"}],"wp:attachment":[{"href":"https:\/\/www.liberacite.com\/index.php\/wp-json\/wp\/v2\/media?parent=210"}],"curies":[{"name":"wp","href":"https:\/\/api.w.org\/{rel}","templated":true}]}}