{"id":119,"date":"2023-10-03T20:36:15","date_gmt":"2023-10-03T18:36:15","guid":{"rendered":"http:\/\/www.liberacite.com\/?page_id=119"},"modified":"2024-08-24T10:54:58","modified_gmt":"2024-08-24T08:54:58","slug":"couverture","status":"publish","type":"page","link":"https:\/\/www.liberacite.com\/index.php\/couverture\/","title":{"rendered":"Couverture"},"content":{"rendered":"\n<figure class=\"wp-block-image size-full\"><img loading=\"lazy\" decoding=\"async\" width=\"400\" height=\"580\" src=\"https:\/\/www.liberacite.com\/wp-content\/uploads\/2023\/10\/Liberacite-couverture-1.jpg\" alt=\"\" class=\"wp-image-120\" srcset=\"https:\/\/www.liberacite.com\/wp-content\/uploads\/2023\/10\/Liberacite-couverture-1.jpg 400w, https:\/\/www.liberacite.com\/wp-content\/uploads\/2023\/10\/Liberacite-couverture-1-207x300.jpg 207w\" sizes=\"auto, (max-width: 400px) 100vw, 400px\" \/><\/figure>\n\n\n\n<p><\/p>\n\n\n\n<p class=\"has-medium-font-size\">Table des mati\u00e8res<\/p>\n\n\n\n<p><a href=\"https:\/\/www.liberacite.com\/index.php\/preambule\/\" data-type=\"page\" data-id=\"25\">PR\u00c9AMBULE<\/a><\/p>\n\n\n\n<p>PARTIE 1 &#8211; LE CONCEPT D\u2019UTILIT\u00c9 ET SES PRINCIPES ASSOCI\u00c9S<br><a href=\"https:\/\/www.liberacite.com\/index.php\/chapitre-1-principes-dethique-politique\/\" data-type=\"page\" data-id=\"28\">Chapitre 1 \u2013 Principes d\u2019\u00e9thique politique<\/a><br><a href=\"https:\/\/www.liberacite.com\/index.php\/chapitre-2-mise-au-point-semantique\/\" data-type=\"page\" data-id=\"30\">Chapitre 2 \u2013 Mise au point s\u00e9mantique<\/a><br><a href=\"https:\/\/www.liberacite.com\/index.php\/chapitre-3-le-vivre-ensemble-et-lutilite\/\" data-type=\"page\" data-id=\"32\">Chapitre 3 \u2013 Le vivre-ensemble et l\u2019utilit\u00e9<\/a><br><a href=\"https:\/\/www.liberacite.com\/index.php\/chapitre-4-laltruisme-pour-un-leadership-utile\/\" data-type=\"page\" data-id=\"49\">Chapitre 4 \u2013 L\u2019altruisme pour un leadership utile<\/a><br><a href=\"https:\/\/www.liberacite.com\/index.php\/chapitre-5-la-legitimite-des-elus\/\" data-type=\"page\" data-id=\"51\">Chapitre 5 \u2013 La l\u00e9gitimit\u00e9 des \u00e9lus <\/a><\/p>\n\n\n\n<p>PARTIE 2 &#8211; L\u2019UTILIT\u00c9 APPLIQU\u00c9E<br><a href=\"https:\/\/www.liberacite.com\/index.php\/chapitre-6-la-liberacite-le-capitalisme-utile\/\" data-type=\"page\" data-id=\"53\">Chapitre 6 \u2013 La lib\u00e9racit\u00e9, le capitalisme utile<\/a><br><a href=\"https:\/\/www.liberacite.com\/index.php\/chapitre-7-le-socialisme-utile\/\" data-type=\"page\" data-id=\"55\">Chapitre 7 \u2013 Le socialisme utile<\/a><br><a href=\"https:\/\/www.liberacite.com\/index.php\/chapitre-8-leconomie-utile\/\" data-type=\"page\" data-id=\"57\">Chapitre 8 \u2013 L\u2019\u00e9conomie utile<\/a><br><a href=\"https:\/\/www.liberacite.com\/index.php\/chapitre-9-le-developpement-technologique-utile\/\" data-type=\"page\" data-id=\"59\">Chapitre 9 \u2013 Le d\u00e9veloppement technologique utile<\/a><br><a href=\"https:\/\/www.liberacite.com\/index.php\/chapitre-10-la-mondialisation-utile\/\" data-type=\"page\" data-id=\"61\">Chapitre 10 \u2013 La mondialisation utile<\/a><\/p>\n\n\n\n<p><a href=\"https:\/\/www.liberacite.com\/index.php\/epilogue\/\" data-type=\"page\" data-id=\"63\">\u00c9PILOGUE<\/a><\/p>\n\n\n\n<p><\/p>\n","protected":false},"excerpt":{"rendered":"<p>Table des mati\u00e8res PR\u00c9AMBULE PARTIE 1 &#8211; LE CONCEPT D\u2019UTILIT\u00c9 ET SES PRINCIPES ASSOCI\u00c9SChapitre 1 \u2013 Principes d\u2019\u00e9thique politiqueChapitre 2 \u2013 Mise au point s\u00e9mantiqueChapitre 3 \u2013 Le vivre-ensemble et l\u2019utilit\u00e9Chapitre 4 \u2013 L\u2019altruisme pour un leadership utileChapitre 5 \u2013 La l\u00e9gitimit\u00e9 des \u00e9lus PARTIE 2 &#8211; L\u2019UTILIT\u00c9 APPLIQU\u00c9EChapitre 6 \u2013 La lib\u00e9racit\u00e9, le capitalisme [&hellip;]<\/p>\n","protected":false},"author":1,"featured_media":0,"parent":0,"menu_order":6,"comment_status":"closed","ping_status":"closed","template":"","meta":{"footnotes":""},"class_list":["post-119","page","type-page","status-publish","hentry"],"_links":{"self":[{"href":"https:\/\/www.liberacite.com\/index.php\/wp-json\/wp\/v2\/pages\/119","targetHints":{"allow":["GET"]}}],"collection":[{"href":"https:\/\/www.liberacite.com\/index.php\/wp-json\/wp\/v2\/pages"}],"about":[{"href":"https:\/\/www.liberacite.com\/index.php\/wp-json\/wp\/v2\/types\/page"}],"author":[{"embeddable":true,"href":"https:\/\/www.liberacite.com\/index.php\/wp-json\/wp\/v2\/users\/1"}],"replies":[{"embeddable":true,"href":"https:\/\/www.liberacite.com\/index.php\/wp-json\/wp\/v2\/comments?post=119"}],"version-history":[{"count":7,"href":"https:\/\/www.liberacite.com\/index.php\/wp-json\/wp\/v2\/pages\/119\/revisions"}],"predecessor-version":[{"id":318,"href":"https:\/\/www.liberacite.com\/index.php\/wp-json\/wp\/v2\/pages\/119\/revisions\/318"}],"wp:attachment":[{"href":"https:\/\/www.liberacite.com\/index.php\/wp-json\/wp\/v2\/media?parent=119"}],"curies":[{"name":"wp","href":"https:\/\/api.w.org\/{rel}","templated":true}]}}